15?
-26eb60
What is 1b6244 (base 13) in base 5?
134332130
Convert 192849 (base 12) to base 10.
440121
1011001100110000000 (base 2) to base 15
73b01
What is 2989d (base 14) in base 10?
103235
Convert -2683710 (base 9) to base 12.
-5b0123
Convert -213314323 (base 5) to base 3.
-1201120122222
132241044 (base 5) to base 16
a263d
What is 124212221 (base 6) in base 2?
1001010100100011010101
-101000001011010111000000 (base 2) to base 13
-2249c30
Convert 827876 (base 11) to base 5.
314444213
What is -43024023 (base 6) in base 3?
-2101011202120
522d (base 15) to base 11
1205a
Convert 43351360 (base 7) to base 13.
9cb917
-4647a0 (base 14) to base 12
-9756b4
-7589247 (base 10) to base 16
-73cd7f
Convert 1920966 (base 10) to base 4.
13110333012
4014133 (base 5) to base 6
1210432
-11111101000100000000 (base 2) to base 11
-648853
-118358 (base 12) to base 16
-454f4
What is 3102330 (base 4) in base 2?
11010010111100
Convert -5a1498 (base 11) to base 3.
-1210110002001
-41003042 (base 7) to base 16
-341390
1000011010000101011 (base 2) to base 14
72587
-17632122 (base 8) to base 5
-2030022122
What is -230302344 (base 5) in base 13?
-29b920
What is -111101101110101110 (base 2) in base 7?
-2102106
Convert 53521011 (base 6) to base 7.
16304221
756d26 (base 15) to base 8
25251631
What is -1050032 (base 12) in base 16?
-2f2526
Convert 226783 (base 9) to base 7.
1105122
What is -1c7f5c (base 16) in base 13?
-5050c6
Convert -1112233 (base 6) to base 7.
-323001
Convert 2587a2 (base 11) to base 3.
202200011220
2427254 (base 8) to base 13
1a4975
-1434222024 (base 5) to base 14
-716320
2202110102 (base 3) to base 13
1b926
What is -1010001000110000010010 (base 2) in base 3?
-12000000010110
What is -221311031233 (base 4) in base 7?
-162131320
What is -533643 (base 8) in base 15?
-37b73
Convert -26b1b (base 14) to base 2.
-10111010011110101
Convert -d87bd5 (base 14) to base 9.
-14686860
Convert -220aa82 (base 13) to base 4.
-213233330002
What is 67499 (base 10) in base 9?
112528
What is 21200012122 (base 3) in base 5?
14313210
Convert -3122140243 (base 5) to base 3.
-110010100101222
10000010110 (base 3) to base 14
177a6
-26a50 (base 15) to base 12
-5b7a9
Convert 1071a (base 16) to base 13.
24871
What is 61758 (base 9) in base 10?
40715
What is -61321 (base 7) in base 2?
-11101000111111
What is 12201308 (base 9) in base 2?
10110110000010010000001
Convert 10000110110111010011011 (base 2) to base 4.
100312322123
What is 4cb35 (base 14) in base 6?
4014015
Convert 2aac78 (base 13) to base 15.
15bbcd
What is 53e15c (base 16) in base 15?
738bda
What is -11110100001010101 (base 2) in base 3?
-20100111010
Convert -100101110110111000 (base 2) to base 12.
-758a0
Convert -215658a (base 11) to base 10.
-3786067
3432045 (base 6) to base 2
101010110100111101
2200312 (base 7) to base 6
5433404
aa165 (base 16) to base 14
141c69
Convert -2133330001 (base 4) to base 5.
-131430410
Convert 7717969 (base 10) to base 13.
17a2c5c
-12211222000222 (base 3) to base 12
-105b38b
Convert -21212002222 (base 3) to base 10.
-154628
-a3aa3 (base 15) to base 3
-222100122000
Convert 15357 (base 9) to base 4.
2210011
What is 43002424 (base 6) in base 16?
133b10
200102132000 (base 4) to base 10
8464256
What is -4573055 (base 8) in base 4?
-10233120231
Convert -295a02 (base 12) to base 4.
-2221201202
Convert -39a13 (base 11) to base 2.
-1101111100100110
-1032023022 (base 4) to base 13
-b298c
-111001111110100101 (base 2) to base 12
-b5519
What is 534252 (base 7) in base 11?
63754
What is 13362146 (base 7) in base 14?
244926
102020313 (base 4) to base 12
36bb3
-20366646 (base 9) to base 13
-2048b44
What is 342521 (base 6) in base 2?
111000111010001
What is -9ae20 (base 15) in base 10?
-492555
Convert 100111111000101010100101 (base 2) to base 4.
213320222211
Convert 26243 (base 15) to base 6.
2340513
What is -48020 (base 13) in base 3?
-20200212012
Convert -185ac17 (base 15) to base 5.
-14021131342
b763b9 (base 13) to base 5
2100013431
Convert 241010 (base 9) to base 16.
236b8
-5d88 (base 16) to base 7
-126544
Convert -22040313 (base 6) to base 16.
-a0c35
What is -69478 (base 10) in base 2?
-10000111101100110
What is -2233303310 (base 5) in base 7?
-60213545
-21112212001100 (base 3) to base 13
-aa6442
What is 2075252 (base 8) in base 16?
87aaa
Convert -2635066 (base 9) to base 11.
-8a4354
What is -5430411 (base 6) in base 3?
-111122012121
Convert -12011020101 (base 3) to base 16.
-18c7f
Convert 713035 (base 8) to base 12.
b4025
-1001010001100110110100 (base 2) to base 3
-11120112021022
5565221 (base 9) to base 13
80b690
What is -188634 (base 10) in base 15?
-3ad59
-13443441 (base 7) to base 16
-1324b0
Convert -4013036 (base 7) to base 2.
-1110011101111000101
-101110011111110011111001 (base 2) to base 5
-11110021141
-267a9 (base 12) to base 14
-15441
What is -1228176 (base 10) in base 15?
-193d86
Convert -3400240 (base 7) to base 14.
-ad257
Convert -13112112010 (base 4) to base 5.
-443122112
243690a (base 11) to base 15
58b5de
1262b (base 14) to base 3
2021220002
What is 101100101101111101111101 (base 2) in base 3?
211001120102011
Convert -a1917 (base 11) to base 14.
-3c360
What is 2534052 (base 6) in base 13?
4a468
-484770 (base 11) to base 13
-20b4b8
7610102 (base 9) to base 13
acb710
73836 (base 9) to base 7
262155
-14413022 (base 5) to base 14
-4025b
What is -212242242 (base 5) in base 10?
-899697
Convert -c06b6 (base 15) to base 9.
-1127370
3141533 (base 8) to base 4
3030031123
What is f3fb5 (base 16) in base 10?
999349
What is 10111121221 (base 3) in base 12?
33b07
Convert -110111010000000110 (base 2) to base 5.
-24220220
What is -613344 (base 11) in base 5?
-223012401
1842065 (base 10) to base 12
74a015
What is 911798 (base 11) in base 15?
1de740
What is -60564620 (base 7) in base 14?
-953347
Convert -1000010110101001101101 (base 2) to base 12.
-8973a5
Convert -5b265 (base 12) to base 11.
-844a7
Convert -1110110100011100111010 (base 2) to base 14.
-731a9c
Convert 16903a (base 15) to base 10.
1093555
What is -8b895c (base 13) in base 5?
-1321204224
Convert 12258a (base 15) to base 16.
d4116
Convert 223232302230 (base 4) to base 3.
210120102110010
-330441324 (base 5) to base 12
-586734
Convert -101210011222 (base 3) to base 14.
-57505
133116 (base 10) to base 14
36724
-10212211110 (base 3) to base 12
-38286
Convert -2861d7 (base 16) to base 8.
-12060727
Convert 112888 (base 10) to base 6.
2230344
Convert -1220220001 (base 3) to base 13.
-142ab
What is 54032114 (base 7) in base 12?
1657a58
What is -16786273 (base 9) in base 16?
-80d0c0
10312223220 (base 4) to base 9
2348546
What is 498343 (base 10) in base 7?
4143616
What is -307880 (base 10) in base 5?
-34323010
What is 11fb (base 16) in base 2?
1000111111011
What is -201212120201 (base 3) in base 9?
-655521
-aa3941 (base 11) to base 13
-499041
-1525587 (base 9) to base 2
-11001110000010100001
What is ab705b (base 13) in base 12?
142b538
Convert -22613 (base 10) to base 5.
-1210423
What is -1377055 (base 9) in base 10?
-759668
Convert -27473 (base 8) to base 3.
-121120211
What is -1c2524b (base 13) in base 15?
-c4a93d
Convert -275654 (base 13) to base 8.
-3510325
ab95c (base 13) to base 8
1140117
-892061 (base 10) to base 4
-3121302131
What is -14933a (base 13) in base 16?
-7b80a
What is -2c91a8 (base 14) in base 7?
-16163001
What is -1603660 (base 7) in base 4?
-311223100
What is 1000222002 (base 3) in base 16?
4fa3
Convert 11214111141 (base 5) to base 13.
28094a5
-1021112110111 (base 3) to base 10
-679765
Convert 1334617 (base 8) to base 4.
1123212033
160038 (base 9) to base 7
560012
3d4aa2 (base 15) to base 2
1011010000101111011000
What is -13ec (base 16) in base 3?
-20222220
What is -1715467 (base 8) in base 11?
-310580
-656023 (base 7) to base 3
-12211122101
2000102103 (base 4) to base 10
525459
1404078 (base 9) to base 10
770624
Convert -12021112021110 (base 3) to base 6.
-140043533
Convert -737a61 (base 11) to base 10.
-1181874
Convert 331333202031 (base 4) to base 6.
1340152113
Convert -da8c0b (base 14) to base 9.
-14828130
What is -432b7 (base 14) in base 6?
-3252025
254023 (base 6) to base 13
a575
Convert 817881 (base 9) to base 4.
1312112221
Convert 10001001000011101 (base 2) to base 9.
116230
What is -3911c (base 16) in base 11?
-14a696
What is 